*2/(-6). Let b be (p/(-30))/(6/(-200)). Let l = -22 + b. What is the remainder when l is divided by 15?
13
Let y be 3*-6*8/(-36). Suppose -y*d - 115 = 3*j - 0*d, 5 = d. Calculate the remainder when 44 is divided by (12/10)/(j/(-600)).
12
Suppose 3*i + 286 = 4*j, 4*j = -0*j - 5*i + 270. Let r = -50 + j. Suppose 24*q = 16 + 176. What is the remainder when r is divided by q?
4
Suppose i - 24 = -5*f, 20 = 3*f + 8. Suppose -2*j - 4*o = -60, 0*j - i*j + 4*o = -60. Let t = j + -17. Calculate the remainder when 7 is divided by t.
1
Let v(z) = 161*z + 11985. What is the remainder when 1147 is divided by v(-74)?
11
Suppose 11*u = -21*u + 32. Suppose -2*h + 24 = -20. What is the remainder when u - 35/14 - 255/(-6) is divided by h?
19
Let l(w) = 17*w**2 + 4*w - 17. Let v be l(-4). Let o = -118 + v. Calculate the remainder when o is divided by 26.
17
Suppose 3*d - 4*w = 6 + 64, 4*w - 8 = 0. What is the remainder when (-31 + -277)*2/((-32)/12) is divided by d?
23
What is the remainder when -2*((-27241830)/28)/33 is divided by 364?
361
Suppose 2*p - 4 = -p - 4*x, p = -5*x + 16. Let m be (-3)/2 - (-2)/16*p. Calculate the remainder when 8 is divided by m*(-2 + (-3)/(-6)).
2
Let x(l) = -8*l**3 + 3*l**2 + l - 1. Let k = -328 + 332. Suppose -w + 2*j = k*j - 11, 5*w - 65 = -5*j. What is the remainder when x(-2) is divided by w?
13
Let j = -248 + 102. Let x = j + 192. What is the remainder when 228 is divided by x?
44
Let q = 230 + -212. Let m = 197 - q. What is the remainder when m is divided by 12?
11
Let f be 159/(4 - (-63)/(-14)). Let i = 332 + f. Calculate the remainder when 19 is divided by i.
5
Suppose r + 14 = 2*x - 70, 0 = -3*x - 5*r + 126. Let v = -31 + x. Suppose -3*j + 2*j = -t + 8, -j + 13 = 2*t. What is the remainder when v is divided by t?
4
Suppose 35*d = -5*x + 38*d + 130, -3*x + d = -82. What is the remainder when 36 is divided by x?
7
Suppose 20*l = 959 - 739. What is the remainder when 164 is divided by l?
10
Let q be 72*(4/15)/(6/(-15)). Let s = q - -51. Suppose s*j + 2*a = 50, a = 2*j - 49 + 4. Calculate the remainder when 54 is divided by j.
14
Let o = -112 - -142. Suppose 0 = o*m + 3453 - 31863. What is the remainder when m is divided by 19?
16
Let g = 15880 + -15726. What is the remainder when 229 is divided by g?
75
Let y(f) = -244*f**3 - 15*f**2 - 3*f. What is the remainder when y(-2) is divided by 380?
378
What is the remainder when 821 is divided by (182/13 - 18)*(-206)/8?
100
Let w = 253 - 242. Suppose 0 = 33*o - 38*o + 540. What is the remainder when o is divided by w?
9
Let y(r) = 2*r**2 + 2*r - 3. Let f = -249 - -297. Calculate the remainder when f is divided by y(3).
6
Suppose -292 = -3*z - 5*p - 112, 5*z = -p + 322. Suppose 16*a - 72 = 10*a. What is the remainder when z is divided by (7/(14/a))/(2/11)?
32
Let g(s) = -9*s**2 - 296*s + 405. Suppose -2*y + 1544 = 2*y. What is the remainder when y is divided by g(-34)?
61
Let z(g) = 2512*g - 24988. Let w be 1/2 - (-4)/(-8). Suppose -c + 34 = -w*c. Calculate the remainder when z(10) is divided by c.
30
Let w = -65 - -83. Suppose -5*i + l = -25, 2*i + 4*l = w - 8. What is the remainder when 46 is divided by (12/(-5))/((-10 + i)/25)?
10
Suppose 10*w = 5*w + 60. Calculate the remainder when 26 is divided by w/150*-5*-45.
8
Let v(g) = 45*g**3 + 2*g**2 - 1. Let o be v(-1). Let z = 76 + o. Calculate the remainder when z is divided by ((836/(-32))/11)/((-11)/88).
13
Suppose -16*d + 1843 = 3*d. Calculate the remainder when d is divided by (10 + -18)*3/(-6).
1
Suppose -163 + 1283 = 35*n. Calculate the remainder when 87 is divided by n.
23
Let k = -599 - -614. Let i(d) = -d**2 + d. Let o be i(2). What is the remainder when k is divided by -12*((-15)/6 - o)?
3
Let k = -412 - -930. Suppose -4*x - 3*g = -k, 0*g - 4*g + 8 = 0. Calculate the remainder when x is divided by 36.
20
Let t be (-148)/(-6) + 6*2/36. Let q = t - 21. Suppose -q = 3*u - 34. Calculate the remainder when 16 is divided by u.
6
Let h(w) = 2*w**2 - 100*w + 748. Let a = 59 - -170. Calculate the remainder when a is divided by h(9).
9
Let f(v) = 58*v + 662. Calculate the remainder when f(-7) is divided by 166.
90
Suppose -3*y = -5*q + 2*q - 729, 0 = 3*y - 4*q - 726. Let n(t) = t**2 - 60*t + 675. Calculate the remainder when y is divided by n(47).
54
Let m = -103 - -149. Let d(a) = -13*a + 386. Let k(b) = -20*b + 578. Let t(p) = -7*d(p) + 5*k(p). What is the remainder when m is divided by t(20)?
6
Suppose 150 = h + h + 5*r, -4*h - 5*r + 310 = 0. Suppose -h = -c + 19. What is the remainder when c is divided by 20?
19
Let x(n) = -n**3 + n**2 + n + 2. Let g(y) = -7*y**3 + 13*y**2 + 12*y + 35. Let r(h) = g(h) - 6*x(h). Calculate the remainder when 24 is divided by r(8).
3
Let y(f) = 6*f + 186. Let s be y(-26). Suppose 151 = -s*q + 20371. What is the remainder when q is divided by 45?
44
Suppose 5*a = 4*g - 8*g + 13, -3*a = 5*g - 13. Suppose -q + 4*s = -8 + 7, 2*s = g. What is the remainder when 98 is divided by q?
3
Suppose 4*n + 316 = z, 27*n = -4*z + 32*n + 1341. Calculate the remainder when z is divided by 83.
12
Let v(d) = -42*d - 8. Let a be v(6). Let w = 283 + a. Calculate the remainder when w is divided by ((-2)/3)/((-10)/75).
3
Let g(u) = -24*u - 1. Suppose -3*k + 220 = -2*x - 2*x, -7 = x. Calculate the remainder when k is divided by g(-1).
18
Let x = -2163 + 2201. What is the remainder when 271 is divided by x?
5
Let n(r) = -r**3 + 6*r**2 + 3*r - 9. Suppose -145*m + 138*m = -35. What is the remainder when n(m) is divided by 6?
1
Let b = -40 - -57. Let r = -1152 + 1226. Calculate the remainder when r is divided by b.
6
What is the remainder when 279 is divided by 33/(-2)*84/(-63)?
15
Let p = 434 - 310. Let f = p + -103. Calculate the remainder when ((-28)/(-6))/((-10)/(-165)) is divided by f.
14
Let h(j) = -j**2 + 63*j + 1617. Let g = 6 - 3. What is the remainder when h(82) is divided by 15*(2 + (-4)/g)?
9
Suppose -5*d + 44 = m, 2*d = -11*m + 8*m + 80. What is the remainder when 82 is divided by m?
10
What is the remainder when -73*(-2 + -6 - 5) is divided by 99 + (-27)/18*(-8)/(-3)?
94
Let w(b) = 144*b**2 - 5*b + 3. Calculate the remainder when w(1) is divided by 18.
16
Suppose 75*n + 342 = 80*n - 3*x, 4*x - 24 = 0. Calculate the remainder when 5038 is divided by n.
70
Suppose 7*b - 12*b = -205. Suppose b*x - 15 = 40*x. Suppose -2*p + 3 = -2*t + x, 40 = 5*t + 5*p. Calculate the remainder when 20 is divided by t.
6
Suppose -3*a + 15 = 0, -2*j - 3*a = -0*j - 25. Calculate the remainder when (63/15 - 5) + 379/j is divided by (-1)/(-3) - (-154)/6.
23
Let n(d) = -d**3 - 6*d**2 + 10*d + 108. Let y(p) = p**2 - 31*p + 77. Let s be y(28). What is the remainder when n(s) is divided by 18?
15
Let v(z) = z**2 - 10*z - 24. Let g(t) = 5*t**2 - 3*t - 1. Let n be g(2). Suppose -6 = -u + n. Calculate the remainder when v(u) is divided by 37.
36
Let y(q) = q**3 - 18*q**2 + 16*q + 15. Let g be y(17). Calculate the remainder when 143 is divided by (-79)/158 + (-95)/g.
2
Let y = 135354 + -135342. Let m(c) = -4*c + 7. Let p(w) = -3*w**2 - 3*w - 3. Let v be p(-2). What is the remainder when m(v) is divided by y?
7
Let u(k) = 4*k - 12. Let z be u(4). Suppose -124 = -5*m + z*m. What is the remainder when m is divided by -2 - (-46 - (2 + -4))?
40
Let b(y) = -8*y + 10*y - 15 - 7*y + y**2. Calculate the remainder when 92 is divided by b(-6).
41
Suppose -c = 4*c - 25. Suppose -c = 2*d - 15. Let i(n) = -n**3 - 87*n**2 + 1448*n + 3447. Calculate the remainder when i(-101) is divided by d.
3
Suppose 6*h + 2 - 152 = 0. Suppose j - 38 = -5*s + 1, -3*s = -j - h. Let r(a) = a**3 - 6*a**2 - 5*a - 18. What is the remainder when r(s) is divided by 18?
16
Let n(a) = -2*a + 49. Let q be n(-7). Let i = 76 - q. Suppose -6*y = -3*y - 21. What is the remainder when i is divided by y?
6
Let z be 210/84 - 2/(-4). Suppose -2*y - z*a = -443, -5*a = 88 - 113. What is the remainder when y is divided by 23?
7
Let x(t) = 2*t**2 + 6*t + 4. Let g be x(-5). Suppose 8*j + 0 = g. Suppose 5*q = 3*s, 0 = -3*s + j*q + q + 3. Calculate the remainder when 25 is divided by s.
0
Let h = 738 + -702. Let m = h - 32. What is the remainder when 32 is divided by m?
0
Let i(o) = 2*o**2 - 4*o + 11. Let m(r) = 15*r - 25. Let n be m(2). Suppose 5*s - 6 = -5*a - 1, n = -3*s - 5*a. What is the remain